e second derivative of i(o). Give w(-2).
-6
Let b(q) = -1. Let j(g) = -g - 1. Suppose -1 = 2*v - 5. Suppose -7*m = -v*m + 20. Let w(c) = m*b(c) + 5*j(c). Determine w(-1).
4
Let i(a) be the third derivative of a**5/60 + 7*a**4/24 - a**3 - 12*a**2. What is i(-7)?
-6
Let u(l) = 4*l**2 + 8*l - 8. Let y(x) = x**2 - 1. Let b(f) = -u(f) + 3*y(f). What is b(-8)?
5
Let p(q) be the second derivative of -q**5/20 + q**4/4 + 2*q**3/3 - q**2 + 35*q. Determine p(4).
-2
Let h be 2*((-60)/8)/5. Let w(g) = g**2 + 4*g - 3. Calculate w(h).
-6
Let b(g) = 5*g**2 - g**3 - 6*g + 5*g - 4 + 0*g. Suppose 4*p - 5*q + 8 = 40, 0 = -2*p + 5*q + 26. Suppose p + 2 = r. What is b(r)?
-9
Let l(p) = -p - 7. Let z be (-3)/(-10)*-2*-5. Suppose 0*t - 2*i = -t + 9, 5*t = -4*i + 17. Suppose -4*u = 5*v + t, 0 = -3*u - v - 15 + z. Give l(u).
-2
Let s(b) = -1. Let l(n) = 3*n - 10. Let f(d) = l(d) - 6*s(d). Give f(5).
11
Let s(n) = -4*n**3 + 3*n**2 + 5*n - 6. Let p(r) = -3*r**3 + 4*r**2 + 4*r - 6. Let z(y) = 3*p(y) - 2*s(y). Give z(6).
6
Let g(i) = -i - 3. Suppose y = -2, -32 = 4*q - y + 5*y. What is g(q)?
3
Let y be (-1)/1*(2 + -4). Let i be (-7 - -5) + (-16)/(-2). Let f(x) = 1 + x**3 - x**2 + 3*x**3 - 5*x**3 + i*x - 2*x**y. What is f(-4)?
-7
Suppose 5*v - 2 + 7 = 0. Let g be v/((-2)/4) + 0. Let m(o) = -o**2 + 0 + 9*o**2 - 7*o**2 - 2. Calculate m(g).
2
Let n(m) = 2*m**3 + 51*m**2 - 27*m - 28. Let i be n(-26). Let l(o) = o**3 + 3*o**2 - 2. Determine l(i).
2
Let d(f) be the first derivative of -2 - 3/2*f**2 + 1/3*f**3 + 5*f. Suppose j = -5*x + 9 + 10, 2*x - 18 = -3*j. Give d(j).
9
Let o(g) = -g**2 + 6*g + 5. Suppose f = 3*q + 22, -3*f + 2*q - 18 = -7*f. Calculate o(f).
-2
Let a = 7 - 4. Suppose -a*b - 24 = -9. Let n(z) = 3*z**2 - 15*z + 9. Let v(g) = -g**2 + 7*g - 5. Let j(q) = -2*n(q) - 5*v(q). Determine j(b).
7
Let t be 1 + -1 - (2 + (1 - 2)). Let f(o) = 2*o - 4*o + 0*o. Give f(t).
2
Let a(v) = -4*v**2 - 2*v + 1. Let k be a(1). Let n(i) be the second derivative of 0 - 1/2*i**2 - 2*i - 1/6*i**3. What is n(k)?
4
Let z = 0 - -3. Let t be z/(-2*(-3)/(-12)). Let p(o) = o**3 + 5*o**2 - 5*o + 8. Calculate p(t).
2
Let t(b) = -6 - 8*b + 7*b + 3*b. What is t(6)?
6
Let d be 1/(-1) + (-2)/(-4)*-20. Let r(c) = c**2 + 9*c - 15. Calculate r(d).
7
Let s(l) = l + 2. Let t be s(0). Suppose 0 = -t*a - 2*a. Let o(k) = -2*k**2 + k**2 + k + a*k**2. Determine o(2).
-2
Let a(v) = 2*v**2 - 2*v - 8. Let r(p) = -5*p**2 + 3*p + 17. Let b(k) = 7*a(k) + 3*r(k). What is b(-4)?
-1
Let m(r) be the first derivative of r**3/3 - r**2/2 + 4*r + 3. Let j(y) = -y**2 + 2*y - 1. Let s = -2 - -3. Let o be j(s). Give m(o).
4
Suppose -3*p + 0*p = 0. Suppose p = -c - c + 2. Let i(a) be the first derivative of -9*a**2/2 + a + 2. Calculate i(c).
-8
Let j(r) = -2*r - 4 - 2*r**2 + 2 + 3. Let y(z) = z**2 - 4*z + 1. Let n be y(3). Give j(n).
-3
Let s(d) = -d**3 - 3*d**2 + 2*d - 2. Let k be s(-4). Let y be (-20)/(-3) + (-4)/k. Let r be (2/4)/(y/(-24)). Let u(m) = -2*m - 3. Calculate u(r).
1
Let t(z) = -z - 6. Let w(q) = -q - 5. Let r be w(-3). Let l be (5/(r + 3))/(-1). What is t(l)?
-1
Let a(n) = 0*n + 2 - n**3 - 3 + 5 + n. Let i be 2/(-10) + (-4)/(-20). Calculate a(i).
4
Let w(r) = r**3 - 5*r**2 + r - 4. Let i be w(5). Let j be i + 2 + -2 + 1. Let u(y) = -y - y**j + 5*y + 0*y - 3. Determine u(2).
1
Let c(x) = -x**2 - 6*x - 1. Suppose 2*y = -3*t - 0*y - 20, 5*y + 36 = -4*t. Calculate c(t).
7
Suppose 6 = 4*b - 2*r, 4*b + 5*r + 3 - 16 = 0. Let v(i) be the first derivative of 7 + 5/2*i**2 - 3*i. Give v(b).
7
Let f(s) = 3 + s**2 + 13*s**3 - 4 + 42*s - 41*s. Give f(1).
14
Let y(x) = 2*x + 19. Let t be y(-9). Let j(d) = -16*d**2 + d - 1. Calculate j(t).
-16
Let d = -8 - -12. Let o(t) = t - 2. Suppose -x = 4*c - 1, 0 = -0*x - 3*x - 5*c + 10. Let l(z) = -z + 3. Let w(y) = x*o(y) + 6*l(y). Determine w(d).
4
Suppose 0 = -4*f + 8. Suppose -2*v + v - f = 0. Let r(k) = 2*k + 1. Let d(w) = -2*w - 1. Let y(m) = -3*d(m) - 2*r(m). Give y(v).
-3
Let l be (4/(-6))/(-3 - (-258)/90). Let w(q) = -2*q + 5. Give w(l).
-5
Let w be (-1)/((-2)/10) - 1. Let h(z) = -4*z**2 - 1942 + z**3 - z**2 + z + 1943. What is h(w)?
-11
Let b(u) = 2. Let y(x) = -x - 5. Let p be (-10)/(-35) + (-65)/7. Let l(v) = v**2 + 9*v - 8. Let t be l(p). Let a(n) = t*b(n) - 3*y(n). Calculate a(-1).
-4
Let a(m) = -m + 2. Suppose f - 9*f = 40. Give a(f).
7
Let q(g) = -g**3 + g**2 + 5. Suppose -8 = -3*d + 5*p + 2, 4*p = -8. Give q(d).
5
Let i(u) = u**3 + 9*u**2 + 8. Let v be i(-9). Let z(o) = -15*o + v*o - o**3 + 6*o - o**2 - 10. Let j(g) = g**2 - 2*g. Let r be j(2). Give z(r).
-10
Let m = -67/2 + 34. Let u(i) be the first derivative of 1/3*i**3 - 5*i - 1 - m*i**2. Calculate u(0).
-5
Let t(r) = -r + r**2 - 5 - 6 + 10. Determine t(-2).
5
Let n(v) be the third derivative of v**4/12 - v**3 - 3*v**2. Let x be n(3). Let g(o) = o**2 - o - 14. Determine g(x).
-14
Let n(b) = 6*b + 1. Suppose 2*u - 11 = -13. Determine n(u).
-5
Let u(k) = k**3 + 3*k**2 - 5*k - 1. Let g = -13 - -16. Suppose 0 = w - 4*v - 2 + 14, -g*v + 6 = 0. Determine u(w).
3
Let a be (2/(-5))/(5/(-25)). Let w(m) = 0*m - m**2 + 2*m + 1 + 7*m**a. Let t(n) = -n + 1. Let j be t(2). Calculate w(j).
5
Suppose -6*j + 1 = -5*j. Let k(i) = 2 - i - j + 0*i. Let x be ((-2)/6)/(2/6). Calculate k(x).
2
Let j(a) = -a - 4. Let w(g) = -2*g - 9. Let i(v) = -5*j(v) + 3*w(v). Determine i(-6).
-1
Let k(u) be the second derivative of -4*u**3/3 + 10*u. Calculate k(-1).
8
Let w(m) = 6*m**2 + 11*m + 7. Let z(p) = -p + 1. Let r(i) = 7*i**2 + 16*i + 3. Let h(c) = -r(c) - 4*z(c). Let n(v) = -5*h(v) - 6*w(v). What is n(-5)?
-2
Let k(y) = y**2 - 5*y - 4. Let d = -7 - -11. Suppose 2*w + 3*i - 35 = d*i, 4*w + 4*i = 40. Let g = -11 + w. Determine k(g).
-8
Let z(f) = -f**3 - 7*f**2 - 5*f + 4. Let m(u) = -u**3 + 7*u**2 - u + 1. Let h be m(7). Give z(h).
-2
Let v(l) be the first derivative of -l**3/3 - 2*l - 4. Give v(-3).
-11
Let i = -16 - -11. Let w(y) = y**2 + 4*y + 5. Give w(i).
10
Let w = -117 - -39. Let s be (-2)/5 + w/30. Let g(v) = v**3 + 4*v**2 + 4*v - 1. What is g(s)?
-4
Suppose 3*r + r - 1 = s, 0 = 3*s + 3*r - 12. Let f(p) = p - 7. What is f(s)?
-4
Let o(i) = -6*i**3 - 12*i**2 - 2*i - 11. Let s(f) = -5*f**3 - 11*f**2 - f - 10. Let d(z) = -6*o(z) + 7*s(z). Let u be -4*1/(1*-1). What is d(u)?
0
Let r = -14 + 46/3. Let j(c) be the second derivative of 0 + 3*c + 1/2*c**2 + r*c**3. Calculate j(1).
9
Let s be (-3)/(-18)*-2*-9. Let y(b) = -s + 2 - 4 - 6*b + 6. Determine y(-2).
13
Suppose -3*h = -6, 12 = 4*o - 2*o + h. Suppose -o*l = -0*l. Let b = l - 0. Let u(y) = -y - 13. Calculate u(b).
-13
Let b = 3 - 8. Let h(u) be the first derivative of u**2/2 + 2*u + 1. Give h(b).
-3
Let f(n) = n - 185 + 56 + 63 + 0*n + 63. Suppose -z = -0 - 2. Let q be 0 + 4 - (z + -2). Give f(q).
1
Let h(b) = -b**3 + 5*b**2 + b - 2. Let p(o) = -o**3 + 4*o**2 - 1. Let n(v) = -2*h(v) + 3*p(v). Let q = -36 - -37. What is n(q)?
0
Suppose -3*a + 5*j - 17 = 0, a = -0*j + j - 5. Let i(f) = f + 5. Give i(a).
1
Let m(v) be the third derivative of v**4/24 + v**3/2 - 11*v**2. Determine m(-2).
1
Let b(c) be the second derivative of 2/3*c**3 + 2*c + 1/12*c**4 + c**2 + 0. Let m(p) = p**2 + 8*p - 3. Let s be m(-8). What is b(s)?
-1
Let i(n) = n**3 - 14*n**2 + 13*n + 5. Let g be i(13). Let p(t) be the third derivative of -t**4/24 + 2*t**3/3 - 2*t**2. What is p(g)?
-1
Suppose -4*s + 5*a = -1 - 7, -3*s + 5*a = -6. Let d(u) = 4*u - 2*u + 3*u - s + u**3 - 5*u**2. Give d(4).
2
Let a(x) be the first derivative of x**3/6 + 7*x**2/2 - 2*x - 3. Let b(g) be the first derivative of a(g). Let q(c) = -6*c**2 + 1. Let n be q(-1). What is b(n)?
2
Let v(q) = 5*q - 4. Let m = -16 + 21. Suppose 4*d - 11 = m. What is v(d)?
16
Let t(z) = -z**3 + 6*z**2 + 2*z - 9. Suppose 3 + 9 = 2*s. What is t(s)?
3
Let w(j) = -4*j**3 + 7*j**2 + 11*j + 6. Let u(v) = 3*v**3 - 7*v**2 - 10*v - 6. Let l(g) = 5*u(g) + 4*w(g). Let b = -19 - -13. Give l(b).
-6
Let m(h) = -h + 1. Let s be (-4)/(-6) + (-10)/6. Let b be -5*((-32)/20 - s). Calculate m(b).
-2
Let l(y) = -2 + y + 0*y - 1 - 7. What is l(7)?
-3
Let f(b) be the third derivative of -b**7/1260 - b**6/180 - b**5/120 - b**4/3 + 3*b**2. Let k(n) be the second derivative of f(n). What is k(-3)?
-7
Let b(g) = -g. Let i(h) = -2*h + 5. Let l(o) = -4*b(o) - i(o). Determine l(4).
19
Let q(o) be the